*p - 156 = -4*u, t*p - 4*p = -15. Calculate the highest common factor of u and 51.
17
Let g(p) = 2*p**3 + 3*p**2 - 24*p - 13. Let r be g(7). Let j = -249 + r. What is the greatest common divisor of 31 and j?
31
Suppose 2*g = 8, -3*r - 428 = -6*r - 2*g. Calculate the greatest common divisor of 80 and r.
20
Let u be (112/(-10))/(543/(-90) - -6). Suppose -6*y + 84 = u. Let s = 167 + y. Calculate the greatest common factor of 50 and s.
25
Let k(o) = 31*o**2 - 35*o - 54. Let v be k(-3). Calculate the greatest common factor of v and 690.
30
Let l be 3/2*(-216 - -480). Calculate the greatest common divisor of 2156 and l.
44
Let i(z) = 9*z**2 - 67*z + 1909. Let g be i(40). What is the highest common factor of g and 154?
77
Let y be 238/4 + 1/2. Let d = -876230 - -876458. What is the greatest common factor of d and y?
12
Suppose -22*s + 172 + 19070 = -72630. What is the highest common factor of 1218 and s?
174
Let m(h) = 3*h**2 + 9*h - 10. Let c be (55/(-33))/(1/3). Let t be m(c). Suppose 6*n = 3*n + 15. What is the highest common factor of n and t?
5
Let h(g) = -g + 25. Let n = 214 - 199. Let x be h(n). What is the highest common divisor of 15 and x?
5
Suppose -3*x + 198 = 3*u, 3*x - 75 - 5 = -u. Calculate the greatest common factor of 66 and u.
1
Let y(a) = 13*a**2 + 9*a + 6. Suppose 16*z - 15 = 21*z. Let o be y(z). What is the highest common factor of 12 and o?
12
Let n = -1484 + 1509. What is the highest common divisor of n and 30?
5
Let j = -13 - -13. Suppose 0 = 2*s + 5*l + 13, -2*s + 3*s + 2*l + 4 = j. Suppose s*c = -242 + 914. Calculate the greatest common factor of 16 and c.
16
Let f = 34505 + -33105. Calculate the greatest common factor of f and 952.
56
Let l(r) = -r**3 + 3*r**2 + 4*r - 3. Let j be l(2). Let s(u) = -4 + 93*u + 86*u - 183*u - 72*u**3. Let w be s(-1). What is the highest common factor of w and j?
9
Suppose -2*u + 190 = -s, 2*s - 5*u + 8 = -369. Let o = s - -235. What is the highest common divisor of 39 and o?
39
Let y(g) = 28*g + 4. Let o be y(5). Calculate the highest common divisor of o and 3096.
72
Suppose 0 = 15*b - 177364 + 124324. Calculate the greatest common factor of 187 and b.
17
Suppose -3*l - 88 = -4*o - 0*o, -2*l = 0. Let p = 75 - o. Suppose 4*m - 4*t = -2*t + 54, t - p = -3*m. Calculate the greatest common divisor of 112 and m.
16
Let b(v) = -38 + 7*v - 20*v - 16*v. Let o be b(-6). What is the greatest common divisor of o and 34?
34
Let f = 341 - 309. Suppose 24*a = f*a - 6200. Calculate the greatest common factor of a and 31.
31
Let w = 561 - 225. Suppose 0 = -3*m - 3*v + 363, 5*m + 119*v = 118*v + 625. What is the highest common factor of w and m?
42
Let c be (64/3)/((-1)/(-3)). Let u = -63787 - -63835. What is the greatest common factor of c and u?
16
Let m = 2653 - 2482. What is the highest common divisor of 969 and m?
57
Let s(q) = -q**3 + 11*q**2 + 2*q + 5. Let w be s(11). Let m be 112 - ((-16)/(-4) + -8)*-1. What is the greatest common divisor of m and w?
27
Let r = -41934 + 41973. Calculate the highest common factor of r and 10569.
39
Let t = 23 + -10. Suppose -z = -4*r + 156, 2*r - 6*r + 5*z + 156 = 0. Calculate the highest common factor of r and t.
13
Suppose -35*x - 5880 = -43*x. Suppose -x = -5*h + 5*g, 429 = 4*h - h + g. Calculate the highest common factor of 9 and h.
9
Let m(b) = 3*b**2 - 2*b + 21. Let w be m(7). Suppose 8*l - 602 = -w. What is the greatest common factor of 16 and l?
8
Suppose 3*y + 4463 - 39368 = -3*z, 23262 = 2*y + 3*z. What is the greatest common factor of y and 3?
3
Let i(u) = -84*u + 480. Let s be i(-5). Calculate the highest common divisor of s and 72.
36
Let y(q) = 4*q + 41. Let l be y(-5). Suppose l*a - 25*a + 4 = 0. Calculate the greatest common divisor of a and 25.
1
Suppose i + 1271 = -7*d + 11*d, 3*i = -4*d + 1307. Calculate the greatest common divisor of d and 1090.
10
Suppose 0 = -2*g + 6291 - 363. Suppose -5*h + g = 8*h. Calculate the highest common divisor of 12 and h.
12
Suppose 4*j + 3*w - 33 = 0, 0 = 6*w - 3*w - 9. Suppose j*a = 98 + 22. What is the highest common factor of 130 and a?
10
Suppose 0 = 2*u - 1113 + 299. Suppose 3*c - 7*c + 32 = 0. Suppose -c*g - 3*g + 407 = 0. Calculate the highest common divisor of g and u.
37
Suppose -4*z + 2*f = 2538 - 7084, 5*z + 5*f = 5735. Calculate the greatest common factor of z and 45.
15
Let d(r) = -15*r - 1128. Let j be d(-76). Calculate the highest common factor of j and 645.
3
Suppose -173 = -4*h - 5*v, -4*h - 5*v + 215 = h. Let o be 12 + 9 - (-1 - -6). Let f be (56/o)/(2/32) + 0. Calculate the highest common divisor of f and h.
14
Let b(l) = -l**3 + 8*l**2 - 10*l + 176. Let n be b(9). Suppose -3*s - n*w = -45, s + 3*w - 25 = -2*w. Calculate the highest common divisor of 5 and s.
5
Suppose -6*h - 14682 = -9*h + 2988. What is the highest common divisor of 190 and h?
190
Let v = -914 - -1190. Let b be (-92)/2*3/(-2). Calculate the highest common factor of v and b.
69
Suppose u = -3*g + 3378, 1061*g - 1065*g + 4530 = -3*u. What is the greatest common factor of 658 and g?
94
Let a = 43 - 38. Suppose 2*z - h - h = -10, -2*h = 3*z + a. Let f be ((-26)/(-3))/(z/(-9)). What is the highest common divisor of 13 and f?
13
Let j be ((-13)/(13/7) + 12)/((-10)/(-12)). What is the greatest common factor of j and 2268?
6
Suppose -3*j = -103 - 662. Let q = -5796 - -5966. Calculate the highest common divisor of q and j.
85
Let m(n) = 13*n + 327. Let z be m(18). Calculate the highest common divisor of z and 408.
51
Let q(m) = -m**3 - 24*m**2 - 8*m + 47. Let a be q(-30). Calculate the highest common divisor of 121 and a.
121
Suppose -2706 = 16*k - 15170. Calculate the greatest common divisor of k and 57.
19
Let v = 562 - 554. Suppose -v*k + 55 - 47 = 0. Suppose -3*w + 0*w - 4*z + 25 = 0, 3*w + 2*z - 23 = 0. What is the highest common divisor of w and k?
1
Suppose 36*g - 1260 = g. Calculate the greatest common factor of 20 and g.
4
Suppose 131*j - 104 = 133*j. Let y = -43 - j. Suppose -h = 2, 2*w - w + 4*h = 91. What is the highest common divisor of w and y?
9
Let m(f) = -3*f**2 + 69*f + 105. Let q be m(24). Let v(w) = w**2 + 7*w - 10. Let g be v(7). What is the greatest common factor of q and g?
11
Let q(l) = 55*l**3 + 1. Let b be q(1). Suppose 5*s - r - 46 = 0, 3*r = 490*s - 485*s - 58. What is the highest common divisor of b and s?
8
Suppose -1108 = 4*k + 780. Let g = k + 523. Calculate the highest common factor of g and 408.
51
Suppose 203 = 5*x + 3. Let o = -260 + 262. Suppose o*u - 2*g - 158 = 166, 4*g = 3*u - 488. What is the greatest common divisor of u and x?
40
Suppose -2*c + 22 = 3*y - 5*y, c + y - 17 = 0. Suppose -5*g + 6 = 5*u - 4, 4*g = -2*u - 6. Calculate the highest common divisor of c and u.
7
Let m(h) = 466*h + 11186. Let v be m(-24). Calculate the greatest common divisor of v and 1487.
1
Let d(a) = -3*a + 21*a + a**2 + 0*a + 9 - 16*a. Let m be d(3). Suppose 0 = -4*v + 167 - 23. Calculate the greatest common divisor of m and v.
12
Let x(k) = -22 - 21 + 55 - 25 + 2*k. Let b be x(12). Let q = 191 + -136. Calculate the highest common divisor of q and b.
11
Let f be -5*(15/(-25) + 0). Let v = 74 + -41. What is the highest common factor of f and v?
3
Let o = 1371 - -2079. What is the highest common factor of 600 and o?
150
Let i(p) = 4*p**2 - 8. Suppose 2*v - 3*r + 24 = 0, -r + 6*r = 2*v + 32. Let q = -3 - v. Let s be i(q). Calculate the highest common divisor of s and 42.
14
Let c be 10*(-5)/(100/(-128)). Let g = 1105 - 1009. What is the greatest common divisor of g and c?
32
Let n = -20 - -25. Let a(c) = -4*c**3 + 78*c**2 - 29*c - 46. Let q be a(19). What is the greatest common factor of q and n?
5
Suppose 3*f + 0*f - 42 = 3*t, 2*f - 5*t = 37. Suppose -27 = -5*r + 2*v, -2*r + v = -0*v - f. Let w = 6033 - 5978. What is the highest common factor of w and r?
5
Let y be (-58)/(268/(-20) + 13). Suppose 298 = 3*o + 2*o + 2*c, 5*c - 78 = -o. What is the greatest common factor of o and y?
29
Suppose 5*d + 4*y - 564 = 3*y, d + 5*y - 108 = 0. Let q = 116 - d. What is the highest common factor of 306 and q?
3
Suppose -5*x = -2*x + 275 - 443. Let t be (35 + 7)*4/3. Calculate the highest common divisor of t and x.
56
Let w(c) = c**3 - 19*c**2 + 18*c + 10. Let g be w(18). Suppose k - 31 = -0*k. Suppose 3*q = -k + 151. Calculate the high